d by 74.
59
What is the remainder when 6592 is divided by 19?
18
What is the remainder when 1266 is divided by 326?
288
Calculate the remainder when 178 is divided by 153.
25
What is the remainder when 263 is divided by 89?
85
Calculate the remainder when 863 is divided by 230.
173
Calculate the remainder when 223 is divided by 9.
7
What is the remainder when 46 is divided by 28?
18
What is the remainder when 69 is divided by 10?
9
Calculate the remainder when 714 is divided by 47.
9
Calculate the remainder when 1191 is divided by 120.
111
Calculate the remainder when 388 is divided by 30.
28
What is the remainder when 1211 is divided by 20?
11
Calculate the remainder when 539 is divided by 119.
63
Calculate the remainder when 80 is divided by 14.
10
Calculate the remainder when 110 is divided by 3.
2
Calculate the remainder when 887 is divided by 440.
7
What is the remainder when 217 is divided by 56?
49
What is the remainder when 1481 is divided by 28?
25
Calculate the remainder when 7262 is divided by 3626.
10
What is the remainder when 94 is divided by 16?
14
What is the remainder when 355 is divided by 86?
11
What is the remainder when 220 is divided by 7?
3
What is the remainder when 3316 is divided by 14?
12
What is the remainder when 1079 is divided by 378?
323
What is the remainder when 525 is divided by 22?
19
What is the remainder when 351 is divided by 172?
7
What is the remainder when 1068 is divided by 207?
33
Calculate the remainder when 413 is divided by 16.
13
Calculate the remainder when 85 is divided by 20.
5
What is the remainder when 709 is divided by 182?
163
What is the remainder when 63 is divided by 46?
17
What is the remainder when 7096 is divided by 151?
150
What is the remainder when 328 is divided by 115?
98
Calculate the remainder when 82 is divided by 40.
2
What is the remainder when 1081 is divided by 1080?
1
What is the remainder when 1672 is divided by 67?
64
What is the remainder when 305 is divided by 132?
41
Calculate the remainder when 86 is divided by 15.
11
What is the remainder when 434 is divided by 44?
38
What is the remainder when 48 is divided by 32?
16
What is the remainder when 910 is divided by 8?
6
Calculate the remainder when 1459 is divided by 122.
117
Calculate the remainder when 1370 is divided by 649.
72
What is the remainder when 312 is divided by 77?
4
Calculate the remainder when 452 is divided by 38.
34
What is the remainder when 1610 is divided by 322?
0
Calculate the remainder when 7 is divided by 4.
3
Calculate the remainder when 618 is divided by 2.
0
Calculate the remainder when 625 is divided by 28.
9
What is the remainder when 331 is divided by 66?
1
What is the remainder when 212 is divided by 43?
40
What is the remainder when 117 is divided by 90?
27
What is the remainder when 304 is divided by 14?
10
What is the remainder when 491 is divided by 160?
11
Calculate the remainder when 294 is divided by 121.
52
What is the remainder when 862 is divided by 36?
34
What is the remainder when 1594 is divided by 114?
112
Calculate the remainder when 527 is divided by 14.
9
What is the remainder when 491 is divided by 123?
122
Calculate the remainder when 5 is divided by 2.
1
Calculate the remainder when 481 is divided by 207.
67
What is the remainder when 94 is divided by 31?
1
Calculate the remainder when 473 is divided by 18.
5
Calculate the remainder when 6994 is divided by 43.
28
Calculate the remainder when 1523 is divided by 749.
25
What is the remainder when 296 is divided by 133?
30
What is the remainder when 149 is divided by 17?
13
What is the remainder when 1648 is divided by 544?
16
Calculate the remainder when 13632 is divided by 28.
24
Calculate the remainder when 1069 is divided by 102.
49
What is the remainder when 748 is divided by 667?
81
Calculate the remainder when 1845 is divided by 44.
41
Calculate the remainder when 216 is divided by 32.
24
What is the remainder when 400 is divided by 110?
70
What is the remainder when 77 is divided by 65?
12
Calculate the remainder when 36 is divided by 13.
10
Calculate the remainder when 66 is divided by 35.
31
Calculate the remainder when 375 is divided by 357.
18
What is the remainder when 30 is divided by 4?
2
Calculate the remainder when 103 is divided by 4.
3
What is the remainder when 95 is divided by 40?
15
What is the remainder when 14847 is divided by 29?
28
Calculate the remainder when 302 is divided by 149.
4
What is the remainder when 262 is divided by 80?
22
Calculate the remainder when 740 is divided by 8.
4
What is the remainder when 836 is divided by 60?
56
What is the remainder when 371 is divided by 74?
1
What is the remainder when 569 is divided by 83?
71
Calculate the remainder when 139 is divided by 37.
28
Calculate the remainder when 73 is divided by 29.
15
Calculate the remainder when 135 is divided by 32.
7
Calculate the remainder when 237 is divided by 7.
6
Calculate the remainder when 5446 is divided by 54.
46
What is the remainder when 417 is divided by 38?
37
Calculate the remainder when 1886 is divided by 95.
81
Calculate the remainder when 85 is divided by 31.
23
What is the remainder when 72 is divided by 17?
4
What is the remainder when 687 is divided by 104?
63
Calculate the remainder when 895 is divided by 45.
40
Calculate the remainder when 171 is divided by 53.
12
What is the remainder when 134 is divided by 43?
5
Calculate the remainder when 221 is divided by 69.
14
What is the remainder when 135 is divided by 56?
23
Calculate the remainder when 4332 is divided by 241.
235
Calculate the remainder when 189 is divided by 57.
18
Calculate the remainder when 831 is divided by 14.
5
Calculate the remainder when 37476 is divided by 39.
36
What is the remainder when 1673 is divided by 93?
92
Calculate the remainder when 1992 is divided by 15.
12
What is the remainder when 879 is divided by 176?
175
Calculate the remainder when 178 is divided by 38.
26
Calculate the remainder when 3629 is divided by 30.
29
Calculate the remainder when 4002 is divided by 250.
2
Calculate the remainder when 39870 is divided by 14.
12
What is the remainder when 445 is divided by 45?
40
Calculate the remainder when 319 is divided by 273.
46
What is the remainder when 927 is divided by 31?
28
Calculate the remainder when 383 is divided by 48.
47
Calculate the remainder when 101 is divided by 100.
1
What is the remainder when 1007 is divided by 6?
5
Calculate the remainder when 155 is divided by 80.
75
Calculate the remainder when 156 is divided by 8.
4
Calculate the remainder when 787 is divided by 5.
2
What is the remainder when 98 is divided by 80?
18
Calculate the remainder when 9363 is divided by 14.
11
Calculate the remainder when 1117 is divided by 214.
47
Calculate the remainder when 752 is divided by 13.
11
Calculate the remainder when 259 is divided by 26.
25
What is the remainder when 2920 is divided by 195?
190
What is the remainder when 64 is divided by 20?
4
Calculate the remainder when 1617 is divided by 180.
177
What is the remainder when 93 is divided by 54?
39
What is the remainder when 369 is divided by 126?
117
What is the remainder when 182 is divided by 14?
0
Calculate the remainder when 303 is divided by 18.
15
What is the remainder when 114 is divided by 61?
53
Calculate the remainder when 535 is divided by 78.
67
Calculate the remainder when 109 is divided by 22.
21
What is the remainder when 101 is divided by 34?
33
Calculate the remainder when 133 is divided by 17.
14
What is the remainder when 283 is divided by 180?
103
Calculate the remainder when 4007 is divided by 18.
11
What is the remainder when 4072 is divided by 21?
19
What is the remainder when 406 is divided by 149?
108
What is the remainder when 560 is divided by 204?
152
What is the remainder when 52 is divided by 39?
13
Calculate the remainder when 230 is divided by 8.
6
What is the remainder when 84 is divided by 18?
12
What is the remainder when 305 is divided by 14?
11
Calculate the remainder when 321 is divided by 51.
15
Calculate the remainder when 135 is divided by 14.
9
Calculate the remainder when 4762 is divided by 23.
1
What is the remainder when 1472 is divided by 163?
5
Calculate the remainder when 2292 is divided by